{"id":25,"date":"2024-12-30T12:11:23","date_gmt":"2024-12-30T12:11:23","guid":{"rendered":"https:\/\/rheinland-services.de\/?page_id=25"},"modified":"2025-01-19T16:24:15","modified_gmt":"2025-01-19T16:24:15","slug":"start","status":"publish","type":"page","link":"https:\/\/rheinland-services.de\/","title":{"rendered":"START"},"content":{"rendered":"<p>[et_pb_section fb_built=&#8220;1&#8243; _builder_version=&#8220;4.5.1&#8243; _module_preset=&#8220;default&#8220;][et_pb_row _builder_version=&#8220;4.5.1&#8243; _module_preset=&#8220;default&#8220;][et_pb_column type=&#8220;4_4&#8243; _builder_version=&#8220;4.5.1&#8243; _module_preset=&#8220;default&#8220;][et_pb_text _builder_version=&#8220;4.5.1&#8243; _module_preset=&#8220;default&#8220; text_font=&#8220;Montserrat|600|||||||&#8220; text_text_color=&#8220;#0b5999&#8243; text_font_size=&#8220;22px&#8220; text_line_height=&#8220;1.6em&#8220; hover_enabled=&#8220;0&#8243;]<\/p>\n<p>Kompetenz &#8211; Vertrauen &#8211; Sicherheit<\/p>\n<p>[\/et_pb_text][et_pb_text _builder_version=&#8220;4.5.1&#8243; _module_preset=&#8220;default&#8220; text_font_size=&#8220;16px&#8220;]<\/p>\n<p>1Willkommen bei Rheinland Services, Ihrem kompetenten Partner f\u00fcr Zertifizierungen elektronischer Ger\u00e4te, Beratungsleistungen rund um\u00a0 Akkreditierung von Pr\u00fcflaboratorien nach DIN EN ISO\/IEC 17025,\u00a0 Elektromagnetische Vertr\u00e4glichkeit (EMV) und Abstrahlsicherheit gem\u00e4\u00df BSI-Vorgaben.<\/p>\n<p>In einer technikdominierten Welt ist die Gew\u00e4hrleistung der elektromagnetischen Vertr\u00e4glichkeit unerl\u00e4sslich.<br \/> Unsere Dienstleistungen unterst\u00fctzen Ihr Projekt umfassend:<\/p>\n<ul>\n<li>Projektbegleitung<\/li>\n<li>EMV-Messungen in unserem akkreditierten Partnerlabor und ggf. Begleitung der Messungen<\/li>\n<li>Erstellung individueller Pr\u00fcfpl\u00e4ne<\/li>\n<li>Akkreditierungsberatung<\/li>\n<\/ul>\n<p>F\u00fcr die Zonenzertifizierung nach BSI-Vorgaben bieten wir:<\/p>\n<ul>\n<li>Fundierte Beratung *1)<\/li>\n<li>Zulassungsmessung beim BSI<\/li>\n<li>Kurzvermessung<\/li>\n<\/ul>\n<p>Unser Ziel ist es, Ihnen sowohl Rechtssicherheit als auch Wettbewerbsvorteile in der EMV-Compliance zu verschaffen. Kontaktieren Sie uns f\u00fcr weitere Informationen zu unserem umfangreichen Dienstleistungsangebot.<\/p>\n<p>[\/et_pb_text][\/et_pb_column][\/et_pb_row][\/et_pb_section]<\/p>\n","protected":false},"excerpt":{"rendered":"<p>[et_pb_section fb_built=&#8220;1&#8243; _builder_version=&#8220;4.5.1&#8243; _module_preset=&#8220;default&#8220;][et_pb_row _builder_version=&#8220;4.5.1&#8243; _module_preset=&#8220;default&#8220;][et_pb_column type=&#8220;4_4&#8243; _builder_version=&#8220;4.5.1&#8243; _module_preset=&#8220;default&#8220;][et_pb_text _builder_version=&#8220;4.5.1&#8243; _module_preset=&#8220;default&#8220; text_font=&#8220;Montserrat|600|||||||&#8220; text_text_color=&#8220;#0b5999&#8243; text_font_size=&#8220;22px&#8220; text_line_height=&#8220;1.6em&#8220; hover_enabled=&#8220;0&#8243;] Kompetenz &#8211; Vertrauen &#8211; Sicherheit [\/et_pb_text][et_pb_text _builder_version=&#8220;4.5.1&#8243; _module_preset=&#8220;default&#8220; text_font_size=&#8220;16px&#8220;] 1Willkommen bei Rheinland Services, Ihrem kompetenten Partner f\u00fcr Zertifizierungen elektronischer Ger\u00e4te, Beratungsleistungen rund um\u00a0 Akkreditierung von Pr\u00fcflaboratorien nach DIN EN ISO\/IEC 17025,\u00a0 Elektromagnetische Vertr\u00e4glichkeit (EMV) und Abstrahlsicherheit gem\u00e4\u00df BSI-Vorgaben. In [&hellip;]<\/p>\n","protected":false},"author":1,"featured_media":0,"parent":0,"menu_order":0,"comment_status":"closed","ping_status":"closed","template":"","meta":{"_et_pb_use_builder":"on","_et_pb_old_content":"","_et_gb_content_width":"","footnotes":""},"class_list":["post-25","page","type-page","status-publish","hentry"],"_links":{"self":[{"href":"https:\/\/rheinland-services.de\/index.php?rest_route=\/wp\/v2\/pages\/25","targetHints":{"allow":["GET"]}}],"collection":[{"href":"https:\/\/rheinland-services.de\/index.php?rest_route=\/wp\/v2\/pages"}],"about":[{"href":"https:\/\/rheinland-services.de\/index.php?rest_route=\/wp\/v2\/types\/page"}],"author":[{"embeddable":true,"href":"https:\/\/rheinland-services.de\/index.php?rest_route=\/wp\/v2\/users\/1"}],"replies":[{"embeddable":true,"href":"https:\/\/rheinland-services.de\/index.php?rest_route=%2Fwp%2Fv2%2Fcomments&post=25"}],"version-history":[{"count":9,"href":"https:\/\/rheinland-services.de\/index.php?rest_route=\/wp\/v2\/pages\/25\/revisions"}],"predecessor-version":[{"id":240,"href":"https:\/\/rheinland-services.de\/index.php?rest_route=\/wp\/v2\/pages\/25\/revisions\/240"}],"wp:attachment":[{"href":"https:\/\/rheinland-services.de\/index.php?rest_route=%2Fwp%2Fv2%2Fmedia&parent=25"}],"curies":[{"name":"wp","href":"https:\/\/api.w.org\/{rel}","templated":true}]}}